{"id":95,"date":"2021-03-05T09:26:33","date_gmt":"2021-03-05T12:26:33","guid":{"rendered":"http:\/\/desarrollarterh.com.ar\/?page_id=95"},"modified":"2021-03-05T11:08:18","modified_gmt":"2021-03-05T14:08:18","slug":"capacitacion-coaching-y-desarrollo-gerencial","status":"publish","type":"page","link":"http:\/\/desarrollarterh.com.ar\/index.php\/capacitacion-coaching-y-desarrollo-gerencial\/","title":{"rendered":"CAPACITACI\u00d3N, COACHING Y DESARROLLO GERENCIAL"},"content":{"rendered":"\n<p class=\"has-medium-font-size\">Trabajamos en conjunto con especialistas para lograr desarrollar habilidades espec\u00edficas en los profesionales de la organizaci\u00f3n.<\/p>\n\n\n\n<p><\/p>\n\n\n\n<p><\/p>\n\n\n\n<div class=\"wp-block-cover alignfull has-nv-dark-bg-background-color has-background-dim\" style=\"min-height:600px\"><div class=\"wp-block-cover__inner-container\">\n<div class=\"wp-block-group\"><div class=\"wp-block-group__inner-container\">\n<div style=\"height:80px\" aria-hidden=\"true\" class=\"wp-block-spacer\"><\/div>\n\n\n\n<div class=\"wp-block-columns are-vertically-aligned-center\">\n<div class=\"wp-block-column is-vertically-aligned-center\" style=\"flex-basis:50%\">\n<figure class=\"wp-block-image size-large\"><img loading=\"lazy\" width=\"683\" height=\"1024\" src=\"http:\/\/desarrollarterh.com.ar\/wp-content\/uploads\/2021\/03\/pexels-fauxels-3183172-1-683x1024.jpg\" alt=\"\" class=\"wp-image-173\" srcset=\"http:\/\/desarrollarterh.com.ar\/wp-content\/uploads\/2021\/03\/pexels-fauxels-3183172-1-683x1024.jpg 683w, http:\/\/desarrollarterh.com.ar\/wp-content\/uploads\/2021\/03\/pexels-fauxels-3183172-1-200x300.jpg 200w, http:\/\/desarrollarterh.com.ar\/wp-content\/uploads\/2021\/03\/pexels-fauxels-3183172-1-768x1151.jpg 768w, http:\/\/desarrollarterh.com.ar\/wp-content\/uploads\/2021\/03\/pexels-fauxels-3183172-1-1025x1536.jpg 1025w, http:\/\/desarrollarterh.com.ar\/wp-content\/uploads\/2021\/03\/pexels-fauxels-3183172-1-1367x2048.jpg 1367w, http:\/\/desarrollarterh.com.ar\/wp-content\/uploads\/2021\/03\/pexels-fauxels-3183172-1-scaled.jpg 1708w\" sizes=\"(max-width: 683px) 100vw, 683px\" \/><\/figure>\n<\/div>\n\n\n\n<div class=\"wp-block-column is-vertically-aligned-center\">\n<div style=\"height:40px\" aria-hidden=\"true\" class=\"wp-block-spacer\"><\/div>\n\n\n\n<h2 class=\"has-text-align-left has-nv-text-dark-bg-color has-text-color\">CAPACITACI\u00d3N <\/h2>\n\n\n\n<p class=\"has-text-align-left has-nv-text-dark-bg-color has-text-color\">Entendiendo qu\u00e9 pretende lograr la empresa es como mejor podemos ayudarlos a dise\u00f1ar e implementar programas de capacitaci\u00f3n. En este sentido, un buen diagn\u00f3stico es el primer paso de un proceso exitoso. Para nosotros la capacitaci\u00f3n implica: Diagn\u00f3stico, Dise\u00f1o, Implementaci\u00f3n y Seguimiento. Desarrollamos propuestas a medida de cada necesidad.<\/p>\n\n\n\n<div class=\"wp-block-buttons alignleft\"><\/div>\n<\/div>\n<\/div>\n\n\n\n<div style=\"height:40px\" aria-hidden=\"true\" class=\"wp-block-spacer\"><\/div>\n<\/div><\/div>\n<\/div><\/div>\n\n\n\n<div class=\"wp-block-cover alignfull has-nv-light-bg-background-color has-background-dim\" style=\"min-height:600px\"><div class=\"wp-block-cover__inner-container\">\n<div class=\"wp-block-group\"><div class=\"wp-block-group__inner-container\">\n<div style=\"height:80px\" aria-hidden=\"true\" class=\"wp-block-spacer\"><\/div>\n\n\n\n<div class=\"wp-block-columns are-vertically-aligned-center\">\n<div class=\"wp-block-column is-vertically-aligned-center\" style=\"flex-basis:50%\">\n<figure class=\"wp-block-image size-large\"><img loading=\"lazy\" width=\"770\" height=\"1024\" src=\"http:\/\/desarrollarterh.com.ar\/wp-content\/uploads\/2021\/03\/pexels-andrea-piacquadio-3808904-770x1024.jpg\" alt=\"\" class=\"wp-image-178\" srcset=\"http:\/\/desarrollarterh.com.ar\/wp-content\/uploads\/2021\/03\/pexels-andrea-piacquadio-3808904-770x1024.jpg 770w, http:\/\/desarrollarterh.com.ar\/wp-content\/uploads\/2021\/03\/pexels-andrea-piacquadio-3808904-226x300.jpg 226w, http:\/\/desarrollarterh.com.ar\/wp-content\/uploads\/2021\/03\/pexels-andrea-piacquadio-3808904-768x1021.jpg 768w, http:\/\/desarrollarterh.com.ar\/wp-content\/uploads\/2021\/03\/pexels-andrea-piacquadio-3808904-1155x1536.jpg 1155w, http:\/\/desarrollarterh.com.ar\/wp-content\/uploads\/2021\/03\/pexels-andrea-piacquadio-3808904-1541x2048.jpg 1541w, http:\/\/desarrollarterh.com.ar\/wp-content\/uploads\/2021\/03\/pexels-andrea-piacquadio-3808904-scaled.jpg 1926w\" sizes=\"(max-width: 770px) 100vw, 770px\" \/><\/figure>\n<\/div>\n\n\n\n<div class=\"wp-block-column is-vertically-aligned-center\">\n<div style=\"height:20px\" aria-hidden=\"true\" class=\"wp-block-spacer\"><\/div>\n\n\n\n<h2 class=\"has-text-align-left has-neve-text-color-color has-text-color\">COACHING Y DESARROLLO GERENCIAL<\/h2>\n\n\n\n<p class=\"has-text-align-left has-neve-text-color-color has-text-color\">Trabajamos en conjunto con especialistas para lograr desarrollar habilidades espec\u00edficas en los profesionales de la organizaci\u00f3n. Por medio de diferentes t\u00e9cnicas, manteniendo un enfoque pr\u00e1ctico y real, logramos generar cambios personales que impactan directamente en el desarrollo profesional de los participantes. Estas t\u00e9cnicas son parte de un proceso de aprendizaje personalizado que permite desarrollar o adquirir habilidades y competencias, generando un nuevo men\u00fa de acciones para desenvolverse eficazmente ante nuevas situaciones o necesidades.<\/p>\n\n\n\n<div class=\"wp-block-buttons alignleft\"><\/div>\n<\/div>\n<\/div>\n\n\n\n<div style=\"height:40px\" aria-hidden=\"true\" class=\"wp-block-spacer\"><\/div>\n<\/div><\/div>\n<\/div><\/div>\n","protected":false},"excerpt":{"rendered":"<p>Trabajamos en conjunto con especialistas para lograr desarrollar habilidades espec\u00edficas en los profesionales de la organizaci\u00f3n.<\/p>\n","protected":false},"author":1,"featured_media":0,"parent":0,"menu_order":0,"comment_status":"closed","ping_status":"closed","template":"","meta":{"neve_meta_sidebar":"full-width","neve_meta_container":"","neve_meta_enable_content_width":"on","neve_meta_content_width":100,"neve_meta_title_alignment":"","neve_meta_author_avatar":"","neve_post_elements_order":"","neve_meta_disable_header":"","neve_meta_disable_footer":"","neve_meta_disable_title":""},"yoast_head":"<!-- This site is optimized with the Yoast SEO plugin v16.0.2 - https:\/\/yoast.com\/wordpress\/plugins\/seo\/ -->\n<title>CAPACITACI\u00d3N, COACHING Y DESARROLLO GERENCIAL - Desarrollarte RH<\/title>\n<meta name=\"robots\" content=\"index, follow, max-snippet:-1, max-image-preview:large, max-video-preview:-1\" \/>\n<link rel=\"canonical\" href=\"http:\/\/desarrollarterh.com.ar\/index.php\/capacitacion-coaching-y-desarrollo-gerencial\/\" \/>\n<meta property=\"og:locale\" content=\"es_ES\" \/>\n<meta property=\"og:type\" content=\"article\" \/>\n<meta property=\"og:title\" content=\"CAPACITACI\u00d3N, COACHING Y DESARROLLO GERENCIAL - Desarrollarte RH\" \/>\n<meta property=\"og:description\" content=\"Trabajamos en conjunto con especialistas para lograr desarrollar habilidades espec\u00edficas en los profesionales de la organizaci\u00f3n.\" \/>\n<meta property=\"og:url\" content=\"http:\/\/desarrollarterh.com.ar\/index.php\/capacitacion-coaching-y-desarrollo-gerencial\/\" \/>\n<meta property=\"og:site_name\" content=\"Desarrollarte RH\" \/>\n<meta property=\"article:modified_time\" content=\"2021-03-05T14:08:18+00:00\" \/>\n<meta property=\"og:image\" content=\"http:\/\/desarrollarterh.com.ar\/wp-content\/uploads\/2021\/03\/pexels-fauxels-3183172-1-683x1024.jpg\" \/>\n<meta name=\"twitter:card\" content=\"summary_large_image\" \/>\n<meta name=\"twitter:label1\" content=\"Tiempo de lectura\">\n\t<meta name=\"twitter:data1\" content=\"1 minuto\">\n<script type=\"application\/ld+json\" class=\"yoast-schema-graph\">{\"@context\":\"https:\/\/schema.org\",\"@graph\":[{\"@type\":\"WebSite\",\"@id\":\"http:\/\/desarrollarterh.com.ar\/#website\",\"url\":\"http:\/\/desarrollarterh.com.ar\/\",\"name\":\"Desarrollarte RH\",\"description\":\"Human Resources &amp; Head Hunting\",\"potentialAction\":[{\"@type\":\"SearchAction\",\"target\":\"http:\/\/desarrollarterh.com.ar\/?s={search_term_string}\",\"query-input\":\"required name=search_term_string\"}],\"inLanguage\":\"es\"},{\"@type\":\"ImageObject\",\"@id\":\"http:\/\/desarrollarterh.com.ar\/index.php\/capacitacion-coaching-y-desarrollo-gerencial\/#primaryimage\",\"inLanguage\":\"es\",\"url\":\"http:\/\/desarrollarterh.com.ar\/wp-content\/uploads\/2021\/03\/pexels-fauxels-3183172-1-683x1024.jpg\"},{\"@type\":\"WebPage\",\"@id\":\"http:\/\/desarrollarterh.com.ar\/index.php\/capacitacion-coaching-y-desarrollo-gerencial\/#webpage\",\"url\":\"http:\/\/desarrollarterh.com.ar\/index.php\/capacitacion-coaching-y-desarrollo-gerencial\/\",\"name\":\"CAPACITACI\\u00d3N, COACHING Y DESARROLLO GERENCIAL - Desarrollarte RH\",\"isPartOf\":{\"@id\":\"http:\/\/desarrollarterh.com.ar\/#website\"},\"primaryImageOfPage\":{\"@id\":\"http:\/\/desarrollarterh.com.ar\/index.php\/capacitacion-coaching-y-desarrollo-gerencial\/#primaryimage\"},\"datePublished\":\"2021-03-05T12:26:33+00:00\",\"dateModified\":\"2021-03-05T14:08:18+00:00\",\"breadcrumb\":{\"@id\":\"http:\/\/desarrollarterh.com.ar\/index.php\/capacitacion-coaching-y-desarrollo-gerencial\/#breadcrumb\"},\"inLanguage\":\"es\",\"potentialAction\":[{\"@type\":\"ReadAction\",\"target\":[\"http:\/\/desarrollarterh.com.ar\/index.php\/capacitacion-coaching-y-desarrollo-gerencial\/\"]}]},{\"@type\":\"BreadcrumbList\",\"@id\":\"http:\/\/desarrollarterh.com.ar\/index.php\/capacitacion-coaching-y-desarrollo-gerencial\/#breadcrumb\",\"itemListElement\":[{\"@type\":\"ListItem\",\"position\":1,\"item\":{\"@type\":\"WebPage\",\"@id\":\"http:\/\/desarrollarterh.com.ar\/\",\"url\":\"http:\/\/desarrollarterh.com.ar\/\",\"name\":\"Portada\"}},{\"@type\":\"ListItem\",\"position\":2,\"item\":{\"@type\":\"WebPage\",\"@id\":\"http:\/\/desarrollarterh.com.ar\/index.php\/capacitacion-coaching-y-desarrollo-gerencial\/\",\"url\":\"http:\/\/desarrollarterh.com.ar\/index.php\/capacitacion-coaching-y-desarrollo-gerencial\/\",\"name\":\"CAPACITACI\\u00d3N, COACHING Y DESARROLLO GERENCIAL\"}}]}]}<\/script>\n<!-- \/ Yoast SEO plugin. -->","_links":{"self":[{"href":"http:\/\/desarrollarterh.com.ar\/index.php\/wp-json\/wp\/v2\/pages\/95"}],"collection":[{"href":"http:\/\/desarrollarterh.com.ar\/index.php\/wp-json\/wp\/v2\/pages"}],"about":[{"href":"http:\/\/desarrollarterh.com.ar\/index.php\/wp-json\/wp\/v2\/types\/page"}],"author":[{"embeddable":true,"href":"http:\/\/desarrollarterh.com.ar\/index.php\/wp-json\/wp\/v2\/users\/1"}],"replies":[{"embeddable":true,"href":"http:\/\/desarrollarterh.com.ar\/index.php\/wp-json\/wp\/v2\/comments?post=95"}],"version-history":[{"count":7,"href":"http:\/\/desarrollarterh.com.ar\/index.php\/wp-json\/wp\/v2\/pages\/95\/revisions"}],"predecessor-version":[{"id":179,"href":"http:\/\/desarrollarterh.com.ar\/index.php\/wp-json\/wp\/v2\/pages\/95\/revisions\/179"}],"wp:attachment":[{"href":"http:\/\/desarrollarterh.com.ar\/index.php\/wp-json\/wp\/v2\/media?parent=95"}],"curies":[{"name":"wp","href":"https:\/\/api.w.org\/{rel}","templated":true}]}}