{"id":15,"date":"2021-02-27T10:47:39","date_gmt":"2021-02-27T13:47:39","guid":{"rendered":"http:\/\/desarrollarterh.com.ar\/?page_id=15"},"modified":"2022-10-05T10:14:07","modified_gmt":"2022-10-05T13:14:07","slug":"inicio","status":"publish","type":"page","link":"https:\/\/desarrollarterh.com.ar\/","title":{"rendered":"Inicio"},"content":{"rendered":"\n<div class=\"wp-block-cover alignfull\" style=\"background-image:url(http:\/\/desarrollarterh.com.ar\/wp-content\/uploads\/2021\/02\/pexels-artur-roman-539711-scaled.jpg);min-height:700px;background-position:50% 64%\"><div class=\"wp-block-cover__inner-container\">\n<div style=\"height:80px\" aria-hidden=\"true\" class=\"wp-block-spacer\"><\/div>\n\n\n\n<h1 class=\"has-text-align-center has-text-color\"><span class=\"has-inline-color has-nv-dark-bg-color\">Creando nuevos protagonistas<\/span><\/h1>\n\n\n\n<p class=\"has-text-align-center has-text-color\"><strong><span class=\"has-inline-color has-nv-dark-bg-color\">Desarrollarte RH es una empresa que ofrece servicios de Reclutamiento IT y Consultor\u00eda HR.<\/span><\/strong><\/p>\n\n\n\n<div class=\"wp-block-buttons aligncenter\"><\/div>\n\n\n\n<div style=\"height:80px\" aria-hidden=\"true\" class=\"wp-block-spacer\"><\/div>\n\n\n\n<div style=\"height:80px\" aria-hidden=\"true\" class=\"wp-block-spacer\"><\/div>\n\n\n\n<p><\/p>\n<\/div><\/div>\n\n\n\n<div style=\"height:80px\" aria-hidden=\"true\" class=\"wp-block-spacer\"><\/div>\n\n\n\n<div class=\"wp-block-columns\">\n<div class=\"wp-block-column\">\n<div class=\"wp-block-image icon-style is-style-default\"><figure class=\"aligncenter is-resized\"><img loading=\"lazy\" src=\"http:\/\/desarrollarterh.com.ar\/wp-content\/themes\/neve\/assets\/img\/starter-content\/icon-03.svg\" alt=\"\" width=\"48\" height=\"48\"\/><\/figure><\/div>\n\n\n\n<h3 class=\"has-text-align-center has-neve-text-color-color has-text-color\">Proyectos adaptados a cada necesidad<\/h3>\n\n\n\n<p class=\"has-text-align-center\">Nuestra experiencia y forma de trabajo nos permite adaptarnos a cada una de las exigencias de los clientes. <\/p>\n\n\n\n<div style=\"height:20px\" aria-hidden=\"true\" class=\"wp-block-spacer\"><\/div>\n<\/div>\n\n\n\n<div class=\"wp-block-column\">\n<div class=\"wp-block-image icon-style is-style-default\"><figure class=\"aligncenter is-resized\"><img loading=\"lazy\" src=\"http:\/\/desarrollarterh.com.ar\/wp-content\/themes\/neve\/assets\/img\/starter-content\/icon-02.svg\" alt=\"\" width=\"48\" height=\"48\"\/><\/figure><\/div>\n\n\n\n<h3 class=\"has-text-align-center has-neve-text-color-color has-text-color\">Soluciones efectivas y de largo plazo<\/h3>\n\n\n\n<p class=\"has-text-align-center\">Somos capaces de aprovechar mejor el capital humano&nbsp;de su compa\u00f1\u00eda para generar procesos transformadores. <\/p>\n\n\n\n<div style=\"height:20px\" aria-hidden=\"true\" class=\"wp-block-spacer\"><\/div>\n\n\n\n<p><\/p>\n<\/div>\n\n\n\n<div class=\"wp-block-column\">\n<div class=\"wp-block-image icon-style is-style-rounded\"><figure class=\"aligncenter is-resized\"><img loading=\"lazy\" src=\"http:\/\/desarrollarterh.com.ar\/wp-content\/themes\/neve\/assets\/img\/starter-content\/icon-01.svg\" alt=\"\" width=\"48\" height=\"48\"\/><\/figure><\/div>\n\n\n\n<h3 class=\"has-text-align-center has-neve-text-color-color has-text-color\">Innovaci\u00f3n en los procesos y la gesti\u00f3n<\/h3>\n\n\n\n<p class=\"has-text-align-center\">Todos nuestros proyectos se desarrollan bajo un fuerte car\u00e1cter innovador y creativo<\/p>\n\n\n\n<div style=\"height:20px\" aria-hidden=\"true\" class=\"wp-block-spacer\"><\/div>\n\n\n\n<p><\/p>\n<\/div>\n<\/div>\n\n\n\n<div style=\"height:80px\" aria-hidden=\"true\" class=\"wp-block-spacer\"><\/div>\n\n\n\n<div class=\"wp-block-cover alignfull has-nv-light-bg-background-color has-background-dim\" style=\"min-height:600px\"><div class=\"wp-block-cover__inner-container\">\n<div class=\"wp-block-group\"><div class=\"wp-block-group__inner-container\">\n<div style=\"height:80px\" aria-hidden=\"true\" class=\"wp-block-spacer\"><\/div>\n\n\n\n<div class=\"wp-block-columns are-vertically-aligned-center\">\n<div class=\"wp-block-column is-vertically-aligned-center\" style=\"flex-basis:50%\">\n<figure class=\"wp-block-image size-large\"><img loading=\"lazy\" width=\"1024\" height=\"683\" src=\"http:\/\/desarrollarterh.com.ar\/wp-content\/uploads\/2021\/02\/writing-828911_1920-1024x683.jpg\" alt=\"\" class=\"wp-image-63\" srcset=\"https:\/\/desarrollarterh.com.ar\/wp-content\/uploads\/2021\/02\/writing-828911_1920-1024x683.jpg 1024w, https:\/\/desarrollarterh.com.ar\/wp-content\/uploads\/2021\/02\/writing-828911_1920-300x200.jpg 300w, https:\/\/desarrollarterh.com.ar\/wp-content\/uploads\/2021\/02\/writing-828911_1920-768x512.jpg 768w, https:\/\/desarrollarterh.com.ar\/wp-content\/uploads\/2021\/02\/writing-828911_1920-1536x1024.jpg 1536w, https:\/\/desarrollarterh.com.ar\/wp-content\/uploads\/2021\/02\/writing-828911_1920-930x620.jpg 930w, https:\/\/desarrollarterh.com.ar\/wp-content\/uploads\/2021\/02\/writing-828911_1920.jpg 1920w\" sizes=\"(max-width: 1024px) 100vw, 1024px\" \/><\/figure>\n<\/div>\n\n\n\n<div class=\"wp-block-column is-vertically-aligned-center\">\n<div style=\"height:20px\" aria-hidden=\"true\" class=\"wp-block-spacer\"><\/div>\n\n\n\n<h2 class=\"has-text-align-left has-neve-text-color-color has-text-color\">SELECCI\u00d3N DE PERSONAL<\/h2>\n\n\n\n<p class=\"has-text-align-left has-neve-text-color-color has-text-color\">Encontramos el talento que necesita para su compa\u00f1\u00eda<\/p>\n\n\n\n<div class=\"wp-block-buttons alignleft\">\n<div class=\"wp-block-button is-style-primary\"><a class=\"wp-block-button__link\" href=\"http:\/\/desarrollarterh.com.ar\/index.php\/seleccion-de-personal\/\">M\u00c1S INFORMACI\u00d3N <\/a><\/div>\n<\/div>\n<\/div>\n<\/div>\n\n\n\n<div style=\"height:40px\" aria-hidden=\"true\" class=\"wp-block-spacer\"><\/div>\n<\/div><\/div>\n<\/div><\/div>\n\n\n\n<div class=\"wp-block-cover alignfull has-nv-site-bg-background-color has-background-dim\" style=\"min-height:600px\"><div class=\"wp-block-cover__inner-container\">\n<div class=\"wp-block-group\"><div class=\"wp-block-group__inner-container\">\n<div style=\"height:80px\" aria-hidden=\"true\" class=\"wp-block-spacer\"><\/div>\n\n\n\n<div class=\"wp-block-columns are-vertically-aligned-center\">\n<div class=\"wp-block-column is-vertically-aligned-center\">\n<h2 class=\"has-text-align-left has-neve-text-color-color has-text-color\">SOPORTE Y CONSULTOR\u00cdA<\/h2>\n\n\n\n<p class=\"has-text-align-left has-neve-text-color-color has-text-color\">Proponemos a nuestros clientes considerar y revisar sus procesos de RRHH analizando en detalle cada situaci\u00f3n puntual.<\/p>\n\n\n\n<div class=\"wp-block-buttons alignleft\">\n<div class=\"wp-block-button is-style-primary\"><a class=\"wp-block-button__link\" href=\"http:\/\/desarrollarterh.com.ar\/index.php\/soporte-y-consultoria\/\">M\u00c1S INFORMACI\u00d3N<\/a><\/div>\n<\/div>\n\n\n\n<div style=\"height:40px\" aria-hidden=\"true\" class=\"wp-block-spacer\"><\/div>\n<\/div>\n\n\n\n<div class=\"wp-block-column is-vertically-aligned-center\" style=\"flex-basis:50%\">\n<figure class=\"wp-block-image size-large\"><img loading=\"lazy\" width=\"684\" height=\"1024\" src=\"http:\/\/desarrollarterh.com.ar\/wp-content\/uploads\/2021\/02\/pexels-cottonbro-4065624-684x1024.jpg\" alt=\"\" class=\"wp-image-65\" srcset=\"https:\/\/desarrollarterh.com.ar\/wp-content\/uploads\/2021\/02\/pexels-cottonbro-4065624-684x1024.jpg 684w, https:\/\/desarrollarterh.com.ar\/wp-content\/uploads\/2021\/02\/pexels-cottonbro-4065624-200x300.jpg 200w, https:\/\/desarrollarterh.com.ar\/wp-content\/uploads\/2021\/02\/pexels-cottonbro-4065624-768x1150.jpg 768w, https:\/\/desarrollarterh.com.ar\/wp-content\/uploads\/2021\/02\/pexels-cottonbro-4065624-1026x1536.jpg 1026w, https:\/\/desarrollarterh.com.ar\/wp-content\/uploads\/2021\/02\/pexels-cottonbro-4065624-1368x2048.jpg 1368w, https:\/\/desarrollarterh.com.ar\/wp-content\/uploads\/2021\/02\/pexels-cottonbro-4065624-scaled.jpg 1710w\" sizes=\"(max-width: 684px) 100vw, 684px\" \/><\/figure>\n<\/div>\n<\/div>\n\n\n\n<div style=\"height:40px\" aria-hidden=\"true\" class=\"wp-block-spacer\"><\/div>\n<\/div><\/div>\n<\/div><\/div>\n\n\n\n<div class=\"wp-block-cover alignfull has-nv-dark-bg-background-color has-background-dim\" style=\"min-height:600px\"><div class=\"wp-block-cover__inner-container\">\n<div class=\"wp-block-group\"><div class=\"wp-block-group__inner-container\">\n<div style=\"height:80px\" aria-hidden=\"true\" class=\"wp-block-spacer\"><\/div>\n\n\n\n<div class=\"wp-block-columns are-vertically-aligned-center\">\n<div class=\"wp-block-column is-vertically-aligned-center\" style=\"flex-basis:50%\">\n<figure class=\"wp-block-image size-large\"><img loading=\"lazy\" width=\"768\" height=\"1024\" src=\"http:\/\/desarrollarterh.com.ar\/wp-content\/uploads\/2021\/02\/pexels-ivan-bertolazzi-2681319-768x1024.jpg\" alt=\"\" class=\"wp-image-67\" srcset=\"https:\/\/desarrollarterh.com.ar\/wp-content\/uploads\/2021\/02\/pexels-ivan-bertolazzi-2681319-768x1024.jpg 768w, https:\/\/desarrollarterh.com.ar\/wp-content\/uploads\/2021\/02\/pexels-ivan-bertolazzi-2681319-225x300.jpg 225w, https:\/\/desarrollarterh.com.ar\/wp-content\/uploads\/2021\/02\/pexels-ivan-bertolazzi-2681319-1152x1536.jpg 1152w, https:\/\/desarrollarterh.com.ar\/wp-content\/uploads\/2021\/02\/pexels-ivan-bertolazzi-2681319-1536x2048.jpg 1536w, https:\/\/desarrollarterh.com.ar\/wp-content\/uploads\/2021\/02\/pexels-ivan-bertolazzi-2681319-scaled.jpg 1920w\" sizes=\"(max-width: 768px) 100vw, 768px\" \/><\/figure>\n<\/div>\n\n\n\n<div class=\"wp-block-column is-vertically-aligned-center\">\n<div style=\"height:40px\" aria-hidden=\"true\" class=\"wp-block-spacer\"><\/div>\n\n\n\n<h2 class=\"has-text-align-left has-nv-text-dark-bg-color has-text-color\">CAPACITACI\u00d3N, <strong>COACHING Y DESARROLLO GERENCIAL<\/strong><\/h2>\n\n\n\n<p class=\"has-text-align-left has-nv-text-dark-bg-color has-text-color\">Trabajamos en conjunto con especialistas para lograr desarrollar habilidades espec\u00edficas en los profesionales de la organizaci\u00f3n.<\/p>\n\n\n\n<div class=\"wp-block-buttons alignleft\">\n<div class=\"wp-block-button is-style-primary\"><a class=\"wp-block-button__link\" href=\"http:\/\/desarrollarterh.com.ar\/index.php\/capacitacion-coaching-y-desarrollo-gerencial\/\">M\u00c1S INFORMACI\u00d3N<\/a><\/div>\n<\/div>\n<\/div>\n<\/div>\n\n\n\n<div style=\"height:40px\" aria-hidden=\"true\" class=\"wp-block-spacer\"><\/div>\n<\/div><\/div>\n<\/div><\/div>\n\n\n\n<h2>Quienes conf\u00edan en nosotros<\/h2>\n\n\n<div  ><style type=\"text\/css\">div#logo-carousel-free-260.logo-carousel-free .sp-lc-logo{\n\tborder: 1px solid #dddddd;\n}div#logo-carousel-free-260.logo-carousel-free .sp-lc-logo:hover{\n\tborder-color: #16a08b;\n}#logo-carousel-free-260.sp-lc-container .sp-logo-carousel {\n\t\t\tpadding-bottom: 46px;\n\t\t}\n\t\t#logo-carousel-free-260.sp-lc-container .sp-lc-pagination .swiper-pagination-bullet {\n\t\t\tbackground-color: #dddddd;\n\t\t\tmargin: 0 4px;\n\t\t}\n\t\t#logo-carousel-free-260.sp-lc-container .sp-lc-pagination .swiper-pagination-bullet.swiper-pagination-bullet-active{background-color: #16a08b; }\n\t\t#logo-carousel-free-260.sp-lc-container .sp-logo-carousel {\n\t\tpadding-top: 46px;\n\t}\n\t#logo-carousel-free-260.sp-lc-container .sp-lc-button-prev,\n\t#logo-carousel-free-260.sp-lc-container .sp-lc-button-next {\n\t\tcolor: #aaaaaa;\n\t\tbackground: transparent;\n\t\tborder: 1px solid #aaaaaa;\n\t\tline-height: 28px;\n\t}\n\t#logo-carousel-free-260.sp-lc-container .sp-lc-button-prev:hover,\n\t#logo-carousel-free-260.sp-lc-container .sp-lc-button-next:hover{\n\t\tbackground-color: #16a08b;\n\t\tcolor: #ffffff;\n\t\tborder-color: #16a08b;\n\t}@media only screen and (max-width: 576px) {} .logo-carousel-free-area#logo-carousel-free-260{\n\t\tposition: relative;\n\t}\n\t#lcp-preloader-260{\n\t\tposition: absolute;\n\t\tleft: 0;\n\t\ttop: 0;\n\t\theight: 100%;\n\t\twidth: 100%;\n\t\ttext-align: center;\n\t\tdisplay: flex;\n\t\talign-items: center;\n\t\tjustify-content: center;\n\t\tbackground: #fff;\n\t\tz-index: 9999;\n\t} .logo-carousel-free-area#logo-carousel-free-260 .sp-logo-carousel-section-title{\n\tmargin-bottom: 30px;\n}<\/style><div id='logo-carousel-free-260' class=\"logo-carousel-free logo-carousel-free-area sp-lc-container\"><div id=\"lcp-preloader-260\" class=\"sp-logo-carousel-preloader\"><img src=\"https:\/\/desarrollarterh.com.ar\/wp-content\/plugins\/logo-carousel-free\/admin\/assets\/images\/spinner.svg\" alt=\"loader-image\"\/><\/div><div id=\"sp-logo-carousel-id-260\" class=\"swiper-container sp-logo-carousel lcp-preloader\" dir=\"ltr\"  data-carousel='{ \"speed\":600,\"spaceBetween\": 12, \"autoplay\": true, \"infinite\":true, \"autoplay_speed\": 3000, \"stop_onHover\": true, \"pagination\": true, \"navigation\": true, \"MobileNav\": true, \"MobilePagi\": true, \"simulateTouch\": true, \"allowTouchMove\": true, \"slidesPerView\": { \"lg_desktop\": 5, \"desktop\": 4, \"tablet\": 3, \"mobile\": 1, \"mobile_landscape\": 2 } }'><div class=\"swiper-wrapper\"><div class=\"swiper-slide\"><div class=\"sp-lc-logo\"><img loading=\"lazy\" src=\"https:\/\/desarrollarterh.com.ar\/wp-content\/uploads\/2022\/09\/image3760.png\" title=\"\" alt=\"FLIXXO\" width=\"400\" height=\"400\" class=\"sp-lc-image skip-lazy\"><\/div><\/div><div class=\"swiper-slide\"><div class=\"sp-lc-logo\"><img loading=\"lazy\" src=\"https:\/\/desarrollarterh.com.ar\/wp-content\/uploads\/2022\/09\/image3748.png\" title=\"\" alt=\"Making Sense\" width=\"411\" height=\"411\" class=\"sp-lc-image skip-lazy\"><\/div><\/div><div class=\"swiper-slide\"><div class=\"sp-lc-logo\"><img loading=\"lazy\" src=\"https:\/\/desarrollarterh.com.ar\/wp-content\/uploads\/2022\/09\/rect434-9-1.png\" title=\"\" alt=\"Uils\" width=\"407\" height=\"407\" class=\"sp-lc-image skip-lazy\"><\/div><\/div><div class=\"swiper-slide\"><div class=\"sp-lc-logo\"><img loading=\"lazy\" src=\"https:\/\/desarrollarterh.com.ar\/wp-content\/uploads\/2022\/09\/image3712.png\" title=\"\" alt=\"Gomez Vidaguren\" width=\"390\" height=\"390\" class=\"sp-lc-image skip-lazy\"><\/div><\/div><div class=\"swiper-slide\"><div class=\"sp-lc-logo\"><img loading=\"lazy\" src=\"https:\/\/desarrollarterh.com.ar\/wp-content\/uploads\/2022\/09\/image3736.png\" title=\"\" alt=\"Mobil Zone International\" width=\"400\" height=\"400\" class=\"sp-lc-image skip-lazy\"><\/div><\/div><div class=\"swiper-slide\"><div class=\"sp-lc-logo\"><img loading=\"lazy\" src=\"https:\/\/desarrollarterh.com.ar\/wp-content\/uploads\/2022\/09\/image233.png\" title=\"\" alt=\"Ransen\" width=\"406\" height=\"406\" class=\"sp-lc-image skip-lazy\"><\/div><\/div><div class=\"swiper-slide\"><div class=\"sp-lc-logo\"><img loading=\"lazy\" src=\"https:\/\/desarrollarterh.com.ar\/wp-content\/uploads\/2023\/02\/Diseno-sin-titulo.png\" title=\"\" alt=\"We Develop\" width=\"400\" height=\"400\" class=\"sp-lc-image skip-lazy\"><\/div><\/div><div class=\"swiper-slide\"><div class=\"sp-lc-logo\"><img loading=\"lazy\" src=\"https:\/\/desarrollarterh.com.ar\/wp-content\/uploads\/2022\/09\/image378-1.png\" title=\"\" alt=\"E-Grain Specialites\" width=\"407\" height=\"407\" class=\"sp-lc-image skip-lazy\"><\/div><\/div><div class=\"swiper-slide\"><div class=\"sp-lc-logo\"><img loading=\"lazy\" src=\"https:\/\/desarrollarterh.com.ar\/wp-content\/uploads\/2022\/09\/image219.png\" title=\"\" alt=\"Schanga agroveterinaria\" width=\"416\" height=\"416\" class=\"sp-lc-image skip-lazy\"><\/div><\/div><\/div><div class=\"sp-lc-pagination swiper-pagination dots\"><\/div><div class=\"sp-lc-button-next\"><i class=\"fa fa-angle-right\"><\/i><\/div><div class=\"sp-lc-button-prev\"><i class=\"fa fa-angle-left\"><\/i><\/div><\/div><\/div><\/div>\n\n\n<div class=\"wp-block-cover alignfull has-nv-dark-bg-background-color has-background-dim\" style=\"min-height:300px\"><div class=\"wp-block-cover__inner-container\">\n<div style=\"height:140px\" aria-hidden=\"true\" class=\"wp-block-spacer\"><\/div>\n\n\n\n<h2 class=\"has-text-align-center has-nv-text-dark-bg-color has-text-color\">Trabajemos juntos en su pr\u00f3ximo proyecto! <\/h2>\n\n\n\n<p class=\"has-text-align-center has-medium-font-size\"><span class=\"has-inline-color has-nv-site-bg-color\">Cont\u00e1ctanos para pensar juntos c\u00f3mo transformar su compa\u00f1\u00eda <\/span><\/p>\n\n\n\n<div class=\"wp-block-buttons aligncenter\">\n<div class=\"wp-block-button is-style-primary\"><a class=\"wp-block-button__link\" href=\"http:\/\/desarrollarterh.com.ar\/?pagename=contact\" target=\"_blank\" rel=\"noreferrer noopener\">Contacto<\/a><\/div>\n<\/div>\n\n\n\n<div style=\"height:140px\" aria-hidden=\"true\" class=\"wp-block-spacer\"><\/div>\n\n\n\n<p><\/p>\n<\/div><\/div>\n\n\n\n<p><\/p>\n","protected":false},"excerpt":{"rendered":"<p>Proyectos adaptados a cada necesidad Nuestra experiencia y forma de trabajo nos permite adaptarnos a cada una de las exigencias de los clientes. Soluciones efectivas y de largo plazo Somos capaces de aprovechar mejor el capital humano&nbsp;de su compa\u00f1\u00eda para generar procesos transformadores. Innovaci\u00f3n en los procesos y la gesti\u00f3n Todos nuestros proyectos se desarrollan&hellip;&nbsp;<a href=\"https:\/\/desarrollarterh.com.ar\/\" class=\"\" rel=\"bookmark\">Leer m\u00e1s &raquo;<span class=\"screen-reader-text\">Inicio<\/span><\/a><\/p>\n","protected":false},"author":1,"featured_media":0,"parent":0,"menu_order":0,"comment_status":"closed","ping_status":"closed","template":"","meta":{"neve_meta_sidebar":"","neve_meta_container":"","neve_meta_enable_content_width":"on","neve_meta_content_width":100,"neve_meta_title_alignment":"","neve_meta_author_avatar":"","neve_post_elements_order":"","neve_meta_disable_header":"","neve_meta_disable_footer":"","neve_meta_disable_title":"on"},"yoast_head":"<!-- This site is optimized with the Yoast SEO plugin v16.0.2 - https:\/\/yoast.com\/wordpress\/plugins\/seo\/ -->\n<title>Inicio - Desarrollarte RH<\/title>\n<meta name=\"robots\" content=\"index, follow, max-snippet:-1, max-image-preview:large, max-video-preview:-1\" \/>\n<link rel=\"canonical\" href=\"http:\/\/desarrollarterh.com.ar\/\" \/>\n<meta property=\"og:locale\" content=\"es_ES\" \/>\n<meta property=\"og:type\" content=\"article\" \/>\n<meta property=\"og:title\" content=\"Inicio - Desarrollarte RH\" \/>\n<meta property=\"og:description\" content=\"Proyectos adaptados a cada necesidad Nuestra experiencia y forma de trabajo nos permite adaptarnos a cada una de las exigencias de los clientes. Soluciones efectivas y de largo plazo Somos capaces de aprovechar mejor el capital humano&nbsp;de su compa\u00f1\u00eda para generar procesos transformadores. Innovaci\u00f3n en los procesos y la gesti\u00f3n Todos nuestros proyectos se desarrollan&hellip;&nbsp;Leer m\u00e1s &raquo;Inicio\" \/>\n<meta property=\"og:url\" content=\"http:\/\/desarrollarterh.com.ar\/\" \/>\n<meta property=\"og:site_name\" content=\"Desarrollarte RH\" \/>\n<meta property=\"article:modified_time\" content=\"2022-10-05T13:14:07+00:00\" \/>\n<meta property=\"og:image\" content=\"http:\/\/desarrollarterh.com.ar\/wp-content\/themes\/neve\/assets\/img\/starter-content\/icon-03.svg\" \/>\n<meta name=\"twitter:card\" content=\"summary_large_image\" \/>\n<meta name=\"twitter:label1\" content=\"Tiempo de lectura\">\n\t<meta name=\"twitter:data1\" content=\"2 minutos\">\n<script type=\"application\/ld+json\" class=\"yoast-schema-graph\">{\"@context\":\"https:\/\/schema.org\",\"@graph\":[{\"@type\":\"WebSite\",\"@id\":\"http:\/\/desarrollarterh.com.ar\/#website\",\"url\":\"http:\/\/desarrollarterh.com.ar\/\",\"name\":\"Desarrollarte RH\",\"description\":\"Human Resources &amp; Head Hunting\",\"potentialAction\":[{\"@type\":\"SearchAction\",\"target\":\"http:\/\/desarrollarterh.com.ar\/?s={search_term_string}\",\"query-input\":\"required name=search_term_string\"}],\"inLanguage\":\"es\"},{\"@type\":\"ImageObject\",\"@id\":\"http:\/\/desarrollarterh.com.ar\/#primaryimage\",\"inLanguage\":\"es\",\"url\":\"http:\/\/desarrollarterh.com.ar\/wp-content\/themes\/neve\/assets\/img\/starter-content\/icon-03.svg\"},{\"@type\":\"WebPage\",\"@id\":\"http:\/\/desarrollarterh.com.ar\/#webpage\",\"url\":\"http:\/\/desarrollarterh.com.ar\/\",\"name\":\"Inicio - Desarrollarte RH\",\"isPartOf\":{\"@id\":\"http:\/\/desarrollarterh.com.ar\/#website\"},\"primaryImageOfPage\":{\"@id\":\"http:\/\/desarrollarterh.com.ar\/#primaryimage\"},\"datePublished\":\"2021-02-27T13:47:39+00:00\",\"dateModified\":\"2022-10-05T13:14:07+00:00\",\"breadcrumb\":{\"@id\":\"http:\/\/desarrollarterh.com.ar\/#breadcrumb\"},\"inLanguage\":\"es\",\"potentialAction\":[{\"@type\":\"ReadAction\",\"target\":[\"http:\/\/desarrollarterh.com.ar\/\"]}]},{\"@type\":\"BreadcrumbList\",\"@id\":\"http:\/\/desarrollarterh.com.ar\/#breadcrumb\",\"itemListElement\":[{\"@type\":\"ListItem\",\"position\":1,\"item\":{\"@type\":\"WebPage\",\"@id\":\"http:\/\/desarrollarterh.com.ar\/\",\"url\":\"http:\/\/desarrollarterh.com.ar\/\",\"name\":\"Portada\"}},{\"@type\":\"ListItem\",\"position\":2,\"item\":{\"@type\":\"WebPage\",\"@id\":\"http:\/\/desarrollarterh.com.ar\/\",\"url\":\"http:\/\/desarrollarterh.com.ar\/\",\"name\":\"Inicio\"}}]}]}<\/script>\n<!-- \/ Yoast SEO plugin. -->","_links":{"self":[{"href":"https:\/\/desarrollarterh.com.ar\/index.php\/wp-json\/wp\/v2\/pages\/15"}],"collection":[{"href":"https:\/\/desarrollarterh.com.ar\/index.php\/wp-json\/wp\/v2\/pages"}],"about":[{"href":"https:\/\/desarrollarterh.com.ar\/index.php\/wp-json\/wp\/v2\/types\/page"}],"author":[{"embeddable":true,"href":"https:\/\/desarrollarterh.com.ar\/index.php\/wp-json\/wp\/v2\/users\/1"}],"replies":[{"embeddable":true,"href":"https:\/\/desarrollarterh.com.ar\/index.php\/wp-json\/wp\/v2\/comments?post=15"}],"version-history":[{"count":35,"href":"https:\/\/desarrollarterh.com.ar\/index.php\/wp-json\/wp\/v2\/pages\/15\/revisions"}],"predecessor-version":[{"id":293,"href":"https:\/\/desarrollarterh.com.ar\/index.php\/wp-json\/wp\/v2\/pages\/15\/revisions\/293"}],"wp:attachment":[{"href":"https:\/\/desarrollarterh.com.ar\/index.php\/wp-json\/wp\/v2\/media?parent=15"}],"curies":[{"name":"wp","href":"https:\/\/api.w.org\/{rel}","templated":true}]}}